**2 - t - 2. What is the units digit of p(o)?
1
Suppose -m - v + 293 = -6*v, 5*m = 2*v + 1419. Suppose 2*w - b - m = 0, -b - 155 = -w + 4*b. What is the units digit of w?
0
Suppose 0 = 2879*d - 2981*d + 2247468. What is the thousands digit of d?
2
Let k = -72 - -120. Suppose 0 = 2*s - l - 42, 4*s - 3*l + k - 136 = 0. What is the units digit of s?
9
Suppose -5*u + 21730 = 5*j, -9*j = -8*j + 3*u - 4344. Suppose 4833 = 9*p - j. What is the tens digit of p?
2
Let v(w) = 136*w - 306. Let n be v(13). Let x = n - 267. What is the tens digit of x?
9
Let s = -40 + 42. Suppose 0 = -v - 2*v + 9, 5*i - 3836 = -s*v. What is the hundreds digit of 10/(-15) - i/(-6)?
1
Let i be (-60)/(-9)*6/(-4). Let s(k) = 10 + 5 + 15 - 6*k - 47 + 8. What is the tens digit of s(i)?
5
Let v be 1/9*3 - 140/(-12). Let g(f) = f**2 + 65*f + 14. What is the units digit of g(v)?
8
Let j = -47 + 81. Suppose 0 = -d + j - 6. What is the units digit of (d/(-2))/(1*(-6)/30)?
0
Let m be -2 + -1 - (-1608 + 0) - -4. Suppose -2*f + 2*g = -g - m, -5*f - 2*g + 3994 = 0. Suppose -3*i - 5*i + f = 0. What is the hundreds digit of i?
1
What is the tens digit of (20416/96 + -30)*(1 - -1 - -19)?
3
What is the tens digit of -3 - (-69)/21 - (-708080)/140?
5
Let s(l) = -34 + 14*l - 27 - 3*l. What is the tens digit of s(18)?
3
Let f = 273 - 133. Suppose -1845 - f = -5*g. What is the units digit of g?
7
Let v = 21229 - -566. What is the units digit of v?
5
Let a(s) = s - 2. Let r be a(5). Suppose 168 = -r*c + 15*c. Let i(q) = 13*q - 12. What is the units digit of i(c)?
0
Let a = -46 + 46. Let v(l) = -l**2 + 9. Let d be v(-3). Suppose a = -d*s - s + 7. What is the units digit of s?
7
Suppose -139*f + 152*f + 56082 = 0. What is the thousands digit of (-2 + 1)*f*(-7)/(-21)?
1
Let n = -81 + 83. Suppose -f - 3 = -n*u, -4*f - 4*u - 9 = -33. Suppose c = -f*c + 432. What is the tens digit of c?
0
Let a(o) = 1867*o**2 + 10*o + 31. What is the tens digit of a(-2)?
7
Suppose 0 = 2*a + 12 - 16. Let v be a/3*(268 - -2). Let c = v + -112. What is the units digit of c?
8
Let t(j) = 701*j**2 - 4*j + 15. Let l be t(3). Suppose -10*o + l = -3778. What is the units digit of o?
9
Suppose h - 144 = -5*h. Let v = 29 - h. What is the units digit of 31 - 9*v/15?
8
Let j(g) = -g**3 - 13*g**2 + 2*g + 23. Let f be j(-13). Let v(x) = -3*x - 17. Let t be v(f). Let m(q) = 3*q**2 + 8*q - 4. What is the tens digit of m(t)?
2
Let r(f) be the second derivative of 13*f**4/12 + 11*f**3/6 - 3*f**2 + 33*f. What is the units digit of r(-4)?
8
Let l be (-1)/((-34)/12 - -3). Let n(m) = -m**2 - 6*m - 20. Let k be n(l). Let w = -1 - k. What is the tens digit of w?
1
Let b(j) = -306*j + 220. Let c(h) = -103*h + 74. Let a(s) = 4*b(s) - 11*c(s). What is the hundreds digit of a(-9)?
8
Let d = 72 - -30. Suppose 5*n = 3 + 17, d = f - n. What is the hundreds digit of f?
1
Let k(a) = 10*a - 80. Let d be k(8). Suppose -246 = -x + 2*i + 181, d = 2*x + 4*i - 838. What is the tens digit of x?
2
Suppose z + 3394 = 2*u + 5*z, 3*z = 4*u - 6744. Let x = u + -1038. What is the tens digit of x?
5
Suppose -3*o + m = 3*m - 257, 5*m - 345 = -4*o. Suppose 0 = 90*j - o*j - 2685. What is the tens digit of j?
3
Let l(i) = 7*i**2 + 3*i - 5. Let v be l(2). Let t = v - 31. What is the tens digit of t*((-123)/6 + 2)?
3
Let w = 161129 - 109912. What is the thousands digit of w?
1
Let u(c) = -4050*c**3 + 9*c**2 + 22*c + 16. What is the ten thousands digit of u(-2)?
3
Let f = 126 - 131. Let m be 2/(f - -6 - 0). Suppose 2*r - 453 = -2*r + 5*o, -2*r = m*o - 240. What is the hundreds digit of r?
1
Let g(u) = -2*u + 12. Let q be g(5). Suppose -q*h + 1 = 3*c - 22, -2*c = -10. Suppose -156 = -j - 5*l + l, h*j + 2*l = 596. What is the units digit of j?
8
Let z = -37 - -53. Suppose -b + 9*b = z. Suppose 0 = b*x - 9 - 45. What is the tens digit of x?
2
Let j(l) = 103*l + 521. What is the units digit of j(31)?
4
Let k(d) = d - 7. Let b be (-2)/9 - (-3 + (-148)/18). Let q be k(b). Suppose -2*h = -q*s + 316, 0*s + 3*s = -4*h + 259. What is the units digit of s?
1
What is the thousands digit of 4452339/639 + 8/6?
6
Let r(g) = -27*g + 19. Let a be r(3). Let b = a + 116. What is the units digit of b?
4
Let m(a) = 1266*a**2 + 19*a + 69. What is the thousands digit of m(-4)?
0
Let r = -2434 - -4800. What is the tens digit of r?
6
Suppose 2*q = -2*q. Suppose q = 3*z - 5*p - 233 + 19, 0 = 2*p - 8. Let y = z + -5. What is the tens digit of y?
7
Let t(o) = -106*o**3 + o + 390*o**3 + 1 - 3. Let r(f) = 12*f + 397. Let q be r(-33). What is the hundreds digit of t(q)?
2
Let h be (-71)/(1/(-4) + 5/10). Let v = -138 - h. What is the units digit of v?
6
Let z(y) = y**2 - 9*y - 18. Let f be z(16). Let a = f - 35. Suppose j + 25 = a. What is the units digit of j?
4
What is the ten thousands digit of (-6)/57 - 13427176/(-266)?
5
Let m = 82 + -85. What is the units digit of 29/((m/6)/(59/(-2)))?
1
Let u(a) = 151*a**2 - 3*a - 23. What is the thousands digit of u(6)?
5
Suppose 33*j + 4*a = 34*j - 24465, 122164 = 5*j + 3*a. What is the units digit of j?
7
Suppose 0 = 4*l - 2*w - 16, -9 = l + 2*w - 3. Suppose -3*r + 4*r - 12 = -l*u, 2*u - 42 = -4*r. Suppose -r*i + 1830 = -0*i. What is the hundreds digit of i?
1
Let q(t) = -2*t**2 - 5*t - 7. Let u be q(-5). Suppose -4*x - 12 = 5*f + 78, -3*f = -x - 14. Let a = x - u. What is the tens digit of a?
1
Suppose 2*z = 4*j - 10016, -10 = -20*z + 15*z. Suppose g = 4*u + 1503, -g - 998 = -2*u - j. What is the hundreds digit of g?
5
Let x(z) = -4*z**3 + 2*z**2 - z. Let t be x(-2). Suppose -9 = 3*h - t. Let d(b) = -b**3 + 12*b**2 - b - 14. What is the tens digit of d(h)?
9
Let c(s) = -s**3 + 33*s**2 + 111*s - 72. What is the tens digit of c(-24)?
9
What is the thousands digit of 1084 - (((-44)/(-8))/(-11) + (-10)/(-4))?
1
Suppose 3*u - 627 = 2313. Suppose -u = -31*n + 21*n. What is the units digit of n?
8
Let y = 758 - -14890. What is the units digit of y?
8
Suppose -8*g + 9 = 1. Let c(y) = 5*y**3 - 2*y**2 + 4*y - 2. Let z be c(g). Suppose -2*p + 187 = -z*u, -u + 5 + 358 = 4*p. What is the tens digit of p?
9
Let c(i) = i**3 + 11*i**2 - 15*i + 29. Suppose 0 = 5*v - 5*u - 175, -4*u + 35 = v - 3*u. Let a = 23 - v. What is the units digit of c(a)?
5
Suppose -13*a + 8*a - m + 96645 = 0, -38658 = -2*a + 7*m. What is the units digit of a?
9
Suppose -78*y - 22*y + 47*y + 4403293 = 0. What is the units digit of y?
1
Let p = 11 - 7. Let b(g) = g**2 + 3*g + 4. Let r be b(p). Let y = r - -6. What is the units digit of y?
8
Let t(a) = -17*a + 7. Let u(m) = 0*m + 23 - 25*m - 5*m - 20*m. Let r(z) = 7*t(z) - 2*u(z). What is the tens digit of r(-10)?
9
Suppose -4*z + 4*h = z + 130, -4*z - 2*h = 78. Suppose -4*o + 432 = -2*r, 3*o + 3*r + 481 - 823 = 0. Let q = o + z. What is the tens digit of q?
8
Let v be 124/2*16/8. Suppose -7*a = -2*a - 3*p + 418, -5*a - 2*p - 438 = 0. Let h = v + a. What is the units digit of h?
8
Let g(s) be the first derivative of -108*s**4 - 2*s**3/3 + 3*s**2/2 - 2*s + 21. Let o be g(1). Let j = o + 703. What is the units digit of j?
0
Let g = 3188 - 3158. What is the units digit of g?
0
Suppose 866 = u + 3*z, 4398 = 2*u + 3*u - 2*z. Suppose -b + u = -65. Suppose 0 = -5*k - 18 + b. What is the tens digit of k?
8
Let h be (-2 - -5) + 14958/(6/1). Let k = 3659 - h. What is the hundreds digit of k?
1
Suppose -63*i - 39 = -66*i. Let d be (-21)/(-14) + i/2. Let j(f) = 3*f**2 - 8*f - 6. What is the units digit of j(d)?
2
Let u(g) = 9*g**3 + 2*g**2 + g - 3. Let t be u(3). Let v(i) = 2*i**2 + 64*i + 49. Let l be v(-28). Let h = l + t. What is the units digit of h?
6
Let j = 78167 + -49925. What is the thousands digit of j?
8
Suppose 5*f = 18*i - 23*i + 69095, i = -5*f + 13795. What is the units digit of i?
5
Suppose -x + 7919 = 42*i - 39*i, 2*x - 15859 = i. What is the thousands digit of x?
7
Let j(n) = 96606*n - 119. What is the tens digit of j(1)?
8
Let i = -16 + 16. Let a = -167 + 284. Suppose i = 4*y + a - 473. What is the units digit of y?
9
What is the units digit of -3 - (-75)/20 - ((-186599)/28 - -7)?
8
Suppose 3*m = 12, o + 5*m = -1586 - 2170. Let r be (o/16)/((-1)/(-1)). Let i = r + 362. What is the hundreds digit of i?
1
Let u be (2/(-3))/((-5)/(-30)). What is the units digit of (u/(-8))/((-2)/(-1684))?
1
Let t = 16 - -11. Let d(z) = z**2 + 22*z - 24. Let s(l) 